st common factor of 348 and u?
12
Let x(d) = 16*d**2 - 1. Let z be x(-1). Suppose -40*w + 45*w - 4*s - 667 = 0, 0 = 4*w - 3*s - 534. Calculate the greatest common factor of w and z.
15
Let b = 12091 - 6073. What is the highest common factor of 12 and b?
6
Let n(p) = -39*p - 42. Let g(u) = -20*u - 20. Let q(m) = -5*g(m) + 3*n(m). Let y be q(-4). Calculate the highest common divisor of 70 and y.
14
Suppose -5*l = -x - 71, 9 = l - 5*x - 10. Suppose 0 = z - 4*y - l, 98 = 3*z + 6*y - 4*y. What is the highest common divisor of 210 and z?
30
Let v(u) = 2*u**2 - 109*u - 2148. Let a be v(-16). Calculate the greatest common divisor of 2292 and a.
12
Let y(k) = 60*k**3 + 44 - 113*k**3 + 22*k + 9*k**2 + 52*k**3. Let i be y(11). Calculate the greatest common divisor of 198 and i.
22
Suppose s + 8*t = 10*t + 14, 5*t = -5*s + 85. Let p be (1404/8)/(-13)*s/(-3). What is the highest common divisor of p and 72?
72
Suppose 2177 = k + t + 836, -k + 4*t + 1326 = 0. Calculate the greatest common divisor of k and 36.
6
Suppose 4*g = 3*j + 2*j - 105, -60 = -5*j - 5*g. Let l = -1 - -4. Suppose j = l*f + 8. Calculate the highest common divisor of 9 and f.
3
Let i(c) = -1843*c - 11050. Let d be i(-6). Let k(p) = -p**2 + p + 472. Let n be k(0). What is the highest common divisor of d and n?
8
Suppose -510 = -26*h - 42. Let z(o) = 36*o - 21. Let c be z(h). What is the greatest common divisor of 33 and c?
33
Let s(v) be the third derivative of -v**6/40 + 61*v**5/60 - 5*v**4/6 + 16*v**3/3 - 121*v**2. Let u be s(20). What is the highest common factor of u and 256?
32
Let y = -147 - -162. Let n = -955 - -1020. What is the highest common factor of n and y?
5
Let h(n) = 87*n**2 - 122*n - 169. Let o be h(9). Calculate the highest common factor of 100 and o.
20
Let i be (3 - 1 - 9)/((-94)/5828). Let k = i + -414. What is the greatest common factor of k and 25?
5
Let d(m) = 2*m**3 + m**2. Let g be d(-1). Let n(f) = f + 1. Let u be n(g). Suppose b - 45 = -u*b. Calculate the greatest common factor of 30 and b.
15
Suppose -55 = 19*k - 30*k. Let o(g) = 24*g + 5. Let m be o(5). What is the greatest common divisor of m and k?
5
Let r = 16243 - 8297. Calculate the greatest common factor of 58 and r.
58
Let v be (((-48)/30)/1)/(2/(-50)). Suppose -p + v = 4*p. What is the greatest common divisor of p and 344?
8
Suppose 0 = -42*q - 697 + 3133. Calculate the greatest common divisor of 14587 and q.
29
Let v(m) = -m**3 - 37*m**2 - 35*m + 340. Let r be v(-36). Let w be 233 - (-2 + 21/3). What is the greatest common divisor of r and w?
76
Let o = -830 - -840. Let h be ((-1330)/(-21) + -5)*12/o. Calculate the greatest common divisor of 56 and h.
14
Suppose s - 61 - 50 = 0. Let i = 145 + s. Calculate the greatest common divisor of i and 192.
64
Suppose -4*a = 294 + 238. Let p = -219 - a. Let s = p + 122. Calculate the greatest common divisor of s and 36.
36
Let k(n) = -6035*n + 762. Let j be k(-1). What is the highest common divisor of 7 and j?
7
Let p be 1764/24*2/3. Let f(m) = 6*m - 22*m**2 + 0*m - 4 - 5*m**3 - m + 28*m**2. Let l be f(-4). Calculate the greatest common divisor of p and l.
49
Suppose 23*f = 28*f - 4455. Suppose -j = -12*j + f. Calculate the highest common factor of 189 and j.
27
Suppose 64*c - 25426 = 28782. Calculate the greatest common divisor of c and 2057.
121
Let g be 4/(48/524) - (-6)/(-9). Suppose 12 = r - 3*k, -44*k = -2*r - g*k + 44. Let w = 729 + -465. What is the greatest common factor of w and r?
24
Suppose 0 = 6*r - r - 150. Suppose -2100 = -6*c - 4*c. What is the highest common factor of c and r?
30
Let z(k) = -k**3 - 8*k**2 + 4*k - 58. Let t be z(-10). Suppose 3*m + 3*b = 63, -2*b - t = -15*m + 11*m. What is the greatest common divisor of 120 and m?
24
Let w be (-7 + 4)/(1 - (1 - -1)). Suppose w = -2*y + 3. Suppose -b - 2 = -y*b, -5*n + 348 = b. Calculate the greatest common factor of 105 and n.
35
Let r(u) = u**3 + 15*u**2 + 15*u + 19. Let n be r(-14). Suppose -t + n + 2 = 0. Suppose -5*f - 20 = -t*f. Calculate the greatest common divisor of f and 4.
2
Let i(x) = 36*x**2 + 720*x + 8578. Let b be i(-12). Calculate the greatest common factor of b and 26.
26
Let s = -8474 - -8878. What is the highest common factor of s and 606?
202
Let w be 12 - (-1 - -1)/(-2). Let b be ((-61)/2)/((-37)/222). Let s = b - 171. Calculate the highest common divisor of w and s.
12
Suppose -2002*r + 2001*r + 319 = f, 0 = 3*r + 12. Calculate the greatest common divisor of f and 171.
19
Let s(p) = 5*p**2 + 39*p + 225. Let y be s(-28). What is the greatest common divisor of 71 and y?
71
Let b be (164/(-328))/(3/(-8838)). Calculate the greatest common divisor of 15 and b.
3
Suppose -y = 4*w - 53 - 5, w = 2*y - 134. Calculate the highest common divisor of y and 1254.
66
Let u(m) = -181*m + 1273. Let w be u(7). What is the highest common divisor of w and 13098?
6
Let t = 485 + -465. Suppose -32 + t = -2*m. What is the greatest common divisor of 26 and m?
2
Let f(r) = -17 + r**3 + 31*r**2 + 16 + 41*r - 44*r**2. Let n be f(9). Suppose 0 = 2*b + 22 - 88. What is the greatest common factor of n and b?
11
Suppose 17*m - 21*m + 4*y = -16, -4*y = 0. What is the highest common factor of 1732 and m?
4
Let c(s) = s**3 - 31*s**2 + 53*s + 54. Let b be c(29). Let p = -86 - b. Calculate the highest common factor of 25 and p.
5
Suppose 7*n + 36*n - 1941 = 1843. What is the highest common divisor of n and 7348?
44
Let y(m) = m**2 - 103*m + 568. Let j be y(98). What is the highest common factor of 288 and j?
6
Let x be (6 + 4)*3/(-6). Let s(y) = 14*y - 1. Let o be s(x). Let v = -50 - o. What is the highest common divisor of 63 and v?
21
Let r = -2146 - -2183. What is the highest common factor of r and 8?
1
Let z = 709 + -699. Calculate the greatest common divisor of z and 905.
5
Let g = -10 - -33. Suppose -264 = 5*r - 44. Let h = -21 - r. Calculate the greatest common factor of h and g.
23
Let d = 147 - 78. Let j = 133 - d. Let x(z) = -z**2 + 9*z. Let n be x(8). What is the greatest common divisor of j and n?
8
Let n be -70*(-4)/16*144/84. What is the greatest common factor of 3645 and n?
15
Suppose 8 = -c + 3*c. Let s be (-6)/c*(-10)/(-12)*-56. Let j be (42/5)/(28/s). What is the greatest common divisor of j and 3?
3
Let f(o) = -o**2 + 5. Let m be f(6). Let i = 43 + m. Let x be (-24456)/(-126) + -2 + 1/21*-2. What is the highest common divisor of i and x?
12
Suppose -11*h + 59*h = 672. What is the highest common factor of h and 427?
7
Let r(o) = -409 - 396 - 3*o + 817 + 7*o. Let w be r(3). Calculate the greatest common factor of 60 and w.
12
Suppose 5*q - h = 216, -116*q + 111*q = -5*h - 180. Let f(g) = -8*g**3 + 5*g**2 + 3*g + 5. Let s be f(-4). What is the greatest common divisor of q and s?
45
Let i(d) = -214*d - 2176. Let t be i(-33). What is the highest common divisor of t and 56?
14
Let t(n) = n**2 + 4*n - 40. Let w be t(5). Suppose 0 = -83*d + 80*d - 18. Let c be 27/(-15)*w/d*4. What is the greatest common factor of c and 12?
6
Let u = 10839 + -10720. Calculate the greatest common factor of 21301 and u.
119
Let o(l) = l**3 + 39*l**2 + 35*l - 99. Let a be o(-38). Let b be (0 + -2)*(-1267)/14. Suppose -2*q + b = -149. Calculate the greatest common factor of q and a.
15
Suppose a = -v + 61, 0 = -v + 2*a + 44 + 32. Let o = 51 - 46. Let q be 28/o + 28/70. Calculate the greatest common divisor of q and v.
6
Let t be 12/(-2)*(-2)/4. Let w be (-11 - -16) + 1 + t. Suppose z + 99 = 2*z. What is the highest common divisor of w and z?
9
Suppose -8*z = 423 - 3287. Let r = z - -218. Calculate the highest common divisor of r and 64.
64
Suppose 0 = -3*g - 5*d - 2090, -3*g + 449 = -5*d + 2589. Let o = 755 + g. What is the highest common factor of o and 10?
10
Suppose 17621 = -9*w + 4769. Let g be (-2)/(w/552 + 10/4). What is the highest common divisor of 46 and g?
23
Suppose 5*n - 130 = 3*y + 230, 2*n - 170 = -4*y. What is the highest common divisor of n and 1175?
25
Let r be (-116)/(-36) - (144/(-81) - -2). Suppose 19 = 4*c - 5*y, -5*c - r*y = -27 - 43. Suppose -2*a = -1 - 1. Calculate the highest common divisor of a and c.
1
Suppose -2*u - 132 + 477 = 5*f, -207 = -3*f - 5*u. Calculate the greatest common factor of f and 123.
3
Let o be ((-2)/(-2))/(4/(-20)). Let t be (-1)/(-3) + o/(30/(-3232)). Calculate the grea